igit of 2356?
5
What is the units digit of 8055?
5
What is the units digit of 752?
2
What is the tens digit of 895?
9
What is the hundreds digit of 1661?
6
What is the hundreds digit of 632?
6
What is the hundreds digit of 922?
9
What is the tens digit of 1562?
6
What is the tens digit of 2955?
5
What is the thousands digit of 1098?
1
What is the units digit of 15119?
9
What is the hundreds digit of 9124?
1
What is the thousands digit of 34403?
4
What is the units digit of 6349?
9
What is the hundreds digit of 997?
9
What is the hundreds digit of 2951?
9
What is the tens digit of 2194?
9
What is the hundreds digit of 518?
5
What is the hundreds digit of 7658?
6
What is the hundreds digit of 9262?
2
What is the units digit of 1248?
8
What is the tens digit of 11347?
4
What is the tens digit of 6315?
1
What is the units digit of 797?
7
What is the hundreds digit of 10853?
8
What is the hundreds digit of 1880?
8
What is the ten thousands digit of 27979?
2
What is the ten thousands digit of 69579?
6
What is the units digit of 388?
8
What is the hundreds digit of 113?
1
What is the units digit of 1077?
7
What is the tens digit of 3553?
5
What is the units digit of 77?
7
What is the units digit of 171?
1
What is the tens digit of 166640?
4
What is the thousands digit of 1683?
1
What is the units digit of 1650?
0
What is the units digit of 123?
3
What is the hundreds digit of 5109?
1
What is the tens digit of 2484?
8
What is the units digit of 1698?
8
What is the units digit of 36125?
5
What is the ten thousands digit of 162906?
6
What is the hundreds digit of 3972?
9
What is the units digit of 5467?
7
What is the ten thousands digit of 18630?
1
What is the units digit of 3339?
9
What is the hundreds digit of 20244?
2
What is the ten thousands digit of 16684?
1
What is the units digit of 3985?
5
What is the thousands digit of 1293?
1
What is the tens digit of 444?
4
What is the ten thousands digit of 26909?
2
What is the hundreds digit of 1636?
6
What is the thousands digit of 2047?
2
What is the units digit of 2869?
9
What is the ten thousands digit of 23538?
2
What is the thousands digit of 17834?
7
What is the tens digit of 957?
5
What is the thousands digit of 4833?
4
What is the hundreds digit of 8588?
5
What is the tens digit of 24410?
1
What is the ten thousands digit of 18127?
1
What is the units digit of 12209?
9
What is the units digit of 835?
5
What is the thousands digit of 32846?
2
What is the thousands digit of 3866?
3
What is the ten thousands digit of 50080?
5
What is the ten thousands digit of 30529?
3
What is the tens digit of 73939?
3
What is the units digit of 837?
7
What is the hundreds digit of 1064?
0
What is the ten thousands digit of 13601?
1
What is the thousands digit of 50711?
0
What is the units digit of 7?
7
What is the units digit of 22491?
1
What is the hundreds digit of 845?
8
What is the tens digit of 35108?
0
What is the hundreds digit of 329?
3
What is the hundreds digit of 1945?
9
What is the thousands digit of 6050?
6
What is the ten thousands digit of 50731?
5
What is the hundreds digit of 2965?
9
What is the tens digit of 1397?
9
What is the units digit of 54535?
5
What is the units digit of 6346?
6
What is the ten thousands digit of 10263?
1
What is the hundreds digit of 11383?
3
What is the hundreds digit of 140856?
8
What is the units digit of 7374?
4
What is the hundreds digit of 800?
8
What is the units digit of 547?
7
What is the hundreds digit of 19733?
7
What is the hundreds digit of 54078?
0
What is the thousands digit of 10023?
0
What is the hundreds digit of 158437?
4
What is the tens digit of 754?
5
What is the thousands digit of 1103?
1
What is the tens digit of 187?
8
What is the tens digit of 85347?
4
What is the tens digit of 273?
7
What is the hundreds digit of 4899?
8
What is the units digit of 414?
4
What is the hundreds digit of 9648?
6
What is the units digit of 1547?
7
What is the hundreds digit of 18281?
2
What is the tens digit of 26817?
1
What is the tens digit of 1286?
8
What is the tens digit of 118954?
5
What is the hundreds digit of 74443?
4
What is the hundreds digit of 224?
2
What is the units digit of 855?
5
What is the tens digit of 67517?
1
What is the hundreds digit of 7675?
6
What is the tens digit of 695?
9
What is the units digit of 5437?
7
What is the hundreds digit of 1032?
0
What is the tens digit of 1669?
6
What is the tens digit of 2166?
6
What is the hundreds digit of 301?
3
What is the thousands digit of 2752?
2
What is the units digit of 129?
9
What is the units digit of 11552?
2
What is the thousands digit of 35825?
5
What is the units digit of 346?
6
What is the tens digit of 2225?
2
What is the units digit of 194?
4
What is the hundreds digit of 5916?
9
What is the units digit of 709?
9
What is the thousands digit of 1839?
1
What is the tens digit of 44415?
1
What is the thousands digit of 26098?
6
What is the thousands digit of 5605?
5
What is the tens digit of 31797?
9
What is the thousands digit of 23916?
3
What is the thousands digit of 1061?
1
What is the thousands digit of 27500?
7
What is the units digit of 3814?
4
What is the thousands digit of 5774?
5
What is the tens digit of 1598?
9
What is the tens digit of 9048?
4
What is the units digit of 19335?
5
What is the tens digit of 847?
4
What is the tens digit of 7453?
5
What is the ten thousands digit of 152604?
5
What is the units digit of 3849?
9
What is the thousands digit of 51661?
1
What is the tens digit of 3060?
6
What is the tens digit of 1194?
9
What is the tens digit of 4233?
3
What is the thousands digit of 20857?
0
What is the thousands digit of 4077?
4
What is the units digit of 4173?
3
What is the thousands digit of 5577?
5
What is the tens digit of 109754?
5
What is the thousands digit of 4997?
4
What is the hundreds digit of 30308?
3
What is the tens digit of 606?
0
What is the thousands digit of 10479?
0
What is the tens digit of 17459?
5
What is the thousands digit of 1269?
1
What is the tens digit of 16857?
5
What is the tens digit of 65?
6
What is the hundreds digit of 8861?
8
What is the units digit of 41399?
9
What is the units digit of 9333?
3
What is the thousands digit of 49562?
9
What is the hundreds digit of 37540?
5
What is the tens digit of 1146?
4
What is the units digit of 3111?
1
What is the units digit of 85645?
5
What is the tens digit of 758?
5
What is the thousands digit of 3810?
3
What is the units digit of 12898?
8
What is the units digit of 369?
9
What is the ten thousands digit of 57081?
5
What is the thousands digit of 1507?
1
What is the hundreds digit of 681?
6
What is the units digit of 328?
8
What is the units digit of 6329?
9
What is the units digit of 199?
9
What is the tens digit of 24568?
6
What is the hundreds digit of 17688?
6
What is the hundreds digit of 2110?
1
What is the tens digit of 1571?
7
What is the thousands digit of 1286?
1
What is the tens digit of 87518?
1
What is the thousands digit of 91456?
1
What is the tens digit of 8469?
6
What is the hundreds digit of 1595?
5
What is the hundreds digit of 172?
1
What is the thousands digit of 9982?
9
What is the thousands digit of 15267?
5
What is the thousands digit of 6387?
6
What is the ten thousands digit of 79683?
7
What is the tens digit of 18035?
3
What is the tens digit of 21378?
7
What is the hundreds digit of 4550?
5
What is the tens digit of 32014?
1
What is the hundreds digit of 24655?
6
What is the tens digit of 505?
0
What is the ten thousands digit of 19265?
1
What is the units digit of 955?
5
What is the tens digit of 11876?
7
What is the tens digit of 29306?
0
What is the thousands digit of 15970?
5
What is the tens digit of 10261?
6
What is the tens digit of 34539?
3
What is the thousands digit of 27569?
7
What is the ten thousands digit of 40297?
4
What is the units digit of 6173?
3
What is the units digit of 6662?
2
What is the tens digit of 1299?
9
What is the tens digit of 1004?
0
What is the hundreds digit of 2518?
5
What is the units digit of 8268?
8
What is the tens digit of 1774?
7
What is the units digit of 12344?
4
What is the thousands digit of 2004?
2
What is the tens digit of 7937?
3
What is the units digit of 529?
9
What is the tens digit of 2166?
6
What is the ten